at are the prime factors of 102700?
2, 5, 13, 79
What are the prime factors of 21973?
7, 43, 73
List the prime factors of 24223.
24223
What are the prime factors of 1164?
2, 3, 97
What are the prime factors of 14058?
2, 3, 11, 71
List the prime factors of 38888.
2, 4861
What are the prime factors of 321?
3, 107
What are the prime factors of 2744?
2, 7
List the prime factors of 578.
2, 17
What are the prime factors of 12361?
47, 263
List the prime factors of 8495.
5, 1699
List the prime factors of 45795.
3, 5, 43, 71
List the prime factors of 1244.
2, 311
List the prime factors of 1416.
2, 3, 59
What are the prime factors of 5191?
29, 179
What are the prime factors of 555?
3, 5, 37
List the prime factors of 7801.
29, 269
What are the prime factors of 41545?
5, 7, 1187
List the prime factors of 22133.
22133
What are the prime factors of 168338?
2, 73, 1153
List the prime factors of 14384.
2, 29, 31
What are the prime factors of 22790?
2, 5, 43, 53
List the prime factors of 13936.
2, 13, 67
What are the prime factors of 6447?
3, 7, 307
What are the prime factors of 24769?
17, 31, 47
What are the prime factors of 1538?
2, 769
List the prime factors of 945.
3, 5, 7
List the prime factors of 45980.
2, 5, 11, 19
List the prime factors of 1375.
5, 11
What are the prime factors of 650?
2, 5, 13
What are the prime factors of 5999?
7, 857
List the prime factors of 1467.
3, 163
What are the prime factors of 106471?
17, 6263
What are the prime factors of 26016?
2, 3, 271
What are the prime factors of 25841?
25841
List the prime factors of 45786.
2, 3, 13, 587
List the prime factors of 4667.
13, 359
What are the prime factors of 302?
2, 151
List the prime factors of 23748.
2, 3, 1979
List the prime factors of 138.
2, 3, 23
What are the prime factors of 93389?
47, 1987
What are the prime factors of 14659?
107, 137
What are the prime factors of 2178?
2, 3, 11
List the prime factors of 9411.
3, 3137
List the prime factors of 22811.
22811
List the prime factors of 2429.
7, 347
List the prime factors of 10.
2, 5
List the prime factors of 477.
3, 53
What are the prime factors of 7685?
5, 29, 53
List the prime factors of 29876.
2, 7, 11, 97
List the prime factors of 20286.
2, 3, 7, 23
List the prime factors of 88159.
23, 3833
What are the prime factors of 12094?
2, 6047
What are the prime factors of 76951?
7, 10993
List the prime factors of 2317.
7, 331
List the prime factors of 4447.
4447
List the prime factors of 4267.
17, 251
What are the prime factors of 4356?
2, 3, 11
List the prime factors of 16836.
2, 3, 23, 61
List the prime factors of 14130.
2, 3, 5, 157
What are the prime factors of 1713?
3, 571
What are the prime factors of 4258?
2, 2129
What are the prime factors of 1340?
2, 5, 67
What are the prime factors of 45354?
2, 3, 7559
List the prime factors of 1010.
2, 5, 101
What are the prime factors of 9149?
7, 1307
What are the prime factors of 5380?
2, 5, 269
What are the prime factors of 15187?
15187
List the prime factors of 10702.
2, 5351
What are the prime factors of 489?
3, 163
List the prime factors of 20882.
2, 53, 197
List the prime factors of 336.
2, 3, 7
What are the prime factors of 9107?
7, 1301
What are the prime factors of 2100?
2, 3, 5, 7
List the prime factors of 946.
2, 11, 43
List the prime factors of 1291.
1291
What are the prime factors of 7136?
2, 223
What are the prime factors of 1621?
1621
List the prime factors of 41874.
2, 3, 7, 997
List the prime factors of 211.
211
List the prime factors of 192.
2, 3
List the prime factors of 1514.
2, 757
List the prime factors of 50766.
2, 3, 8461
List the prime factors of 1259.
1259
List the prime factors of 11705.
5, 2341
What are the prime factors of 16652?
2, 23, 181
What are the prime factors of 708?
2, 3, 59
List the prime factors of 98718.
2, 3, 16453
List the prime factors of 1235.
5, 13, 19
What are the prime factors of 56780?
2, 5, 17, 167
List the prime factors of 41823.
3, 1549
What are the prime factors of 14882?
2, 7, 1063
List the prime factors of 14050.
2, 5, 281
What are the prime factors of 17932?
2, 4483
What are the prime factors of 38289?
3, 12763
What are the prime factors of 3272?
2, 409
List the prime factors of 7073.
11, 643
List the prime factors of 683.
683
What are the prime factors of 6684?
2, 3, 557
List the prime factors of 1089.
3, 11
List the prime factors of 10948.
2, 7, 17, 23
List the prime factors of 480.
2, 3, 5
What are the prime factors of 1621?
1621
What are the prime factors of 4378?
2, 11, 199
What are the prime factors of 25522?
2, 7, 1823
List the prime factors of 301.
7, 43
List the prime factors of 414.
2, 3, 23
What are the prime factors of 156518?
2, 78259
List the prime factors of 23843.
113, 211
What are the prime factors of 1921?
17, 113
List the prime factors of 773.
773
What are the prime factors of 2180?
2, 5, 109
What are the prime factors of 124?
2, 31
List the prime factors of 109672.
2, 13709
What are the prime factors of 726?
2, 3, 11
What are the prime factors of 2620?
2, 5, 131
What are the prime factors of 31717?
7, 23, 197
List the prime factors of 110919.
3, 36973
What are the prime factors of 182206?
2, 17, 23, 233
What are the prime factors of 31757?
11, 2887
List the prime factors of 11664.
2, 3
What are the prime factors of 3721?
61
List the prime factors of 42787.
42787
List the prime factors of 1802.
2, 17, 53
What are the prime factors of 588?
2, 3, 7
List the prime factors of 22027.
22027
List the prime factors of 3557.
3557
List the prime factors of 197.
197
List the prime factors of 7759.
7759
List the prime factors of 365.
5, 73
What are the prime factors of 1637?
1637
What are the prime factors of 424?
2, 53
List the prime factors of 29729.
7, 31, 137
What are the prime factors of 46605?
3, 5, 13, 239
List the prime factors of 102867.
3, 17, 2017
What are the prime factors of 4791?
3, 1597
What are the prime factors of 6210?
2, 3, 5, 23
What are the prime factors of 22561?
7, 11, 293
What are the prime factors of 13933?
13933
List the prime factors of 21018.
2, 3, 31, 113
What are the prime factors of 913?
11, 83
What are the prime factors of 303?
3, 101
What are the prime factors of 354?
2, 3, 59
What are the prime factors of 2609?
2609
List the prime factors of 9566.
2, 4783
What are the prime factors of 173?
173
What are the prime factors of 533?
13, 41
List the prime factors of 5386.
2, 2693
List the prime factors of 7342.
2, 3671
List the prime factors of 20625.
3, 5, 11
What are the prime factors of 55?
5, 11
List the prime factors of 1150.
2, 5, 23
List the prime factors of 5841.
3, 11, 59
List the prime factors of 1088.
2, 17
List the prime factors of 1182.
2, 3, 197
List the prime factors of 47.
47
What are the prime factors of 53834?
2, 11, 2447
What are the prime factors of 1140?
2, 3, 5, 19
What are the prime factors of 3226?
2, 1613
What are the prime factors of 7969?
13, 613
What are the prime factors of 9839?
9839
What are the prime factors of 664?
2, 83
List the prime factors of 3837.
3, 1279
What are the prime factors of 9353?
47, 199
List the prime factors of 13415.
5, 2683
List the prime factors of 8083.
59, 137
List the prime factors of 344.
2, 43
What are the prime factors of 24338?
2, 43, 283
List the prime factors of 1922.
2, 31
List the prime factors of 14624.
2, 457
What are the prime factors of 76693?
271, 283
What are the prime factors of 13319?
19, 701
List the prime factors of 2411.
2411
List the prime factors of 4931.
4931
What are the prime factors of 22156?
2, 29, 191
What are the prime factors of 9438?
2, 3, 11, 13
What are the prime factors of 89442?
2, 3, 4969
What are the prime factors of 13463?
13463
What are the prime factors of 3855?
3, 5, 257
What are the prime factors of 1887?
3, 17, 37
What are the prime factors of 2396?
2, 599
List the prime factors of 196.
2, 7
List the prime factors of 1771.
7, 11, 23
List the prime factors of 13846.
2, 7, 23, 43
List the prime factors of 5038.
2, 11, 229
What are the prime factors of 2636?
2, 659
What are the prime factors of 7797?
3, 23, 113
List the prime factors of 84273.
3, 7, 4013
List the prime factors of 34837.
11, 3167
List the prime factors of 98499.
3, 32833
List the prime factors of 1825.
5, 73
List the prime factors of 486